{"id":14,"date":"2021-11-11T17:20:15","date_gmt":"2021-11-11T16:20:15","guid":{"rendered":"http:\/\/vanessahamelin.com\/?page_id=14"},"modified":"2022-05-29T18:02:24","modified_gmt":"2022-05-29T16:02:24","slug":"accueil","status":"publish","type":"page","link":"https:\/\/vanessahamelin.com\/","title":{"rendered":"Accueil"},"content":{"rendered":"\n<h1 class=\"has-text-align-left\" style=\"font-size:15px\"><br><strong>Vanessa HAMELIN &#8211; Professionnelle en activit\u00e9s physiques adapt\u00e9es dans le Haut-rhin<\/strong><\/h1>\n\n\n\n<h2 class=\"has-text-align-center\" id=\"l-autonomie-a-une-valeur-inestimable\" style=\"font-size:50px\"><strong>\u00ab\u00a0L&rsquo;autonomie a une valeur inestimable\u00a0\u00bb<\/strong><\/h2>\n\n\n\n<div class=\"wp-block-media-text alignwide has-media-on-the-right is-stacked-on-mobile\" style=\"grid-template-columns:auto 40%\"><figure class=\"wp-block-media-text__media\"><img loading=\"lazy\" width=\"1024\" height=\"683\" src=\"https:\/\/vanessahamelin.com\/wp-content\/uploads\/2022\/05\/photo-re\u0301sident-8-1024x683.jpg\" alt=\"\" class=\"wp-image-433 size-full\" srcset=\"https:\/\/vanessahamelin.com\/wp-content\/uploads\/2022\/05\/photo-re\u0301sident-8-1024x683.jpg 1024w, https:\/\/vanessahamelin.com\/wp-content\/uploads\/2022\/05\/photo-re\u0301sident-8-300x200.jpg 300w, https:\/\/vanessahamelin.com\/wp-content\/uploads\/2022\/05\/photo-re\u0301sident-8-768x512.jpg 768w, https:\/\/vanessahamelin.com\/wp-content\/uploads\/2022\/05\/photo-re\u0301sident-8-1536x1024.jpg 1536w, https:\/\/vanessahamelin.com\/wp-content\/uploads\/2022\/05\/photo-re\u0301sident-8-2048x1365.jpg 2048w\" sizes=\"(max-width: 1024px) 100vw, 1024px\" \/><\/figure><div class=\"wp-block-media-text__content\">\n<h3 id=\"l-activites-physiques-adaptees-est-la-cle-du-bien-vieillir\">L&rsquo; Activit\u00e9 Physique Adapt\u00e9e est la cl\u00e9 du bien vieillir.<\/h3>\n\n\n\n<p>Pour maintenir l\u2019autonomie de la personne \u00e2g\u00e9e, il est indispensable d\u2019\u00eatre accompagn\u00e9 par une professionnelle qualifi\u00e9e pour bien avancer en \u00e2ge. Tant par mon professionnalisme que par mes qualit\u00e9s humaines j&rsquo;apporte une valeur ajout\u00e9e \u00e0 la qualit\u00e9 de vie de la personne \u00e2g\u00e9e.<\/p>\n\n\n\n<blockquote class=\"wp-block-quote has-text-align-left is-style-large\" style=\"font-size:12px\"><p>\u201cEnsemble nous allons plus loin.\u201d<\/p><\/blockquote>\n\n\n\n<div class=\"wp-container-1 wp-block-buttons\">\n<div class=\"wp-block-button is-style-fill\"><a class=\"wp-block-button__link\" href=\"https:\/\/vanessahamelin.com\/index.php\/a-propos-de\/\">\u00c0 PROPOS DE MOI<\/a><\/div>\n\n\n\n<div class=\"wp-block-button\"><a class=\"wp-block-button__link\" href=\"https:\/\/vanessahamelin.com\/index.php\/lactivite-physique-adaptee\/\">LES BIENFAITS DE L&rsquo;ACTIVIT\u00c9 PHYSIQUE<\/a><\/div>\n<\/div>\n<\/div><\/div>\n\n\n\n<div style=\"height:50px\" aria-hidden=\"true\" class=\"wp-block-spacer\"><\/div>\n\n\n\n<div class=\"wp-block-media-text alignwide is-stacked-on-mobile\" style=\"grid-template-columns:40% auto\"><figure class=\"wp-block-media-text__media\"><img loading=\"lazy\" width=\"1024\" height=\"683\" src=\"https:\/\/vanessahamelin.com\/wp-content\/uploads\/2022\/05\/photo-re\u0301sident-6-1024x683.jpg\" alt=\"\" class=\"wp-image-435 size-full\" srcset=\"https:\/\/vanessahamelin.com\/wp-content\/uploads\/2022\/05\/photo-re\u0301sident-6-1024x683.jpg 1024w, https:\/\/vanessahamelin.com\/wp-content\/uploads\/2022\/05\/photo-re\u0301sident-6-300x200.jpg 300w, https:\/\/vanessahamelin.com\/wp-content\/uploads\/2022\/05\/photo-re\u0301sident-6-768x512.jpg 768w, https:\/\/vanessahamelin.com\/wp-content\/uploads\/2022\/05\/photo-re\u0301sident-6-1536x1024.jpg 1536w, https:\/\/vanessahamelin.com\/wp-content\/uploads\/2022\/05\/photo-re\u0301sident-6-2048x1365.jpg 2048w\" sizes=\"(max-width: 1024px) 100vw, 1024px\" \/><\/figure><div class=\"wp-block-media-text__content\">\n<h3 id=\"l-activites-physiques-adaptees-est-la-cle-du-bien-vieillir\">Intervention \u00e0 domicile <\/h3>\n\n\n\n<p>Maintenir l\u2019autonomie de la personne \u00e2g\u00e9e le plus longtemps possible est mon objectif et donner du sens, du go\u00fbt \u00e0 la vie en est un autre tout aussi important. M\u00eame quelques heures par semaine, le fait de rester actif physiquement et intellectuellement ralentit consid\u00e9rablement le vieillissement. Il est important de r\u00e9fl\u00e9chir \u00e0 des m\u00e9thodes simples pour retarder au maximum ce d\u00e9part en maison de retraite.<\/p>\n\n\n\n<blockquote class=\"wp-block-quote has-text-align-left is-style-large\" style=\"font-size:12px\"><p>\u201cPr\u00e9venir pour mieux gu\u00e9rir.\u201d<\/p><\/blockquote>\n\n\n\n<div class=\"wp-container-2 wp-block-buttons\">\n<div class=\"wp-block-button alignright\"><a class=\"wp-block-button__link\" href=\"https:\/\/vanessahamelin.com\/index.php\/page-d-exemple\/intervention-a-domicile\/\">MON INTERVENTION \u00c0 DOMICILE<\/a><\/div>\n<\/div>\n<\/div><\/div>\n\n\n\n<div style=\"height:50px\" aria-hidden=\"true\" class=\"wp-block-spacer\"><\/div>\n\n\n\n<div class=\"wp-block-media-text alignwide has-media-on-the-right is-stacked-on-mobile\" style=\"grid-template-columns:auto 40%\"><figure class=\"wp-block-media-text__media\"><img loading=\"lazy\" width=\"1024\" height=\"683\" src=\"https:\/\/vanessahamelin.com\/wp-content\/uploads\/2022\/05\/photo-re\u0301sident-3-1024x683.jpg\" alt=\"\" class=\"wp-image-438 size-full\" srcset=\"https:\/\/vanessahamelin.com\/wp-content\/uploads\/2022\/05\/photo-re\u0301sident-3-1024x683.jpg 1024w, https:\/\/vanessahamelin.com\/wp-content\/uploads\/2022\/05\/photo-re\u0301sident-3-300x200.jpg 300w, https:\/\/vanessahamelin.com\/wp-content\/uploads\/2022\/05\/photo-re\u0301sident-3-768x512.jpg 768w, https:\/\/vanessahamelin.com\/wp-content\/uploads\/2022\/05\/photo-re\u0301sident-3-1536x1024.jpg 1536w, https:\/\/vanessahamelin.com\/wp-content\/uploads\/2022\/05\/photo-re\u0301sident-3-2048x1365.jpg 2048w, https:\/\/vanessahamelin.com\/wp-content\/uploads\/2022\/05\/photo-re\u0301sident-3-scaled-484x323.jpg 484w\" sizes=\"(max-width: 1024px) 100vw, 1024px\" \/><\/figure><div class=\"wp-block-media-text__content\">\n<h3 id=\"l-activites-physiques-adaptees-est-la-cle-du-bien-vieillir\">Intervention en \u00e9tablissement d&rsquo;accueil <\/h3>\n\n\n\n<p>En maison de retraite, par exemple,  il est important que la personne \u00e2g\u00e9e reste active pour pr\u00e9server sa sant\u00e9, pour continuer pleinement \u00e0 avancer en \u00e2ge. Permettre \u00e0 la personne \u00e2g\u00e9e de rester actrice de sa vie, de s&rsquo;\u00e9panouir, en participant \u00e0 des s\u00e9ances d&rsquo;activit\u00e9 physique, porteuses de sens, quel que soit son degr\u00e9 d&rsquo;autonomie, est ce que j&rsquo;apporte en \u00e9tablissement d&rsquo;accueil. <\/p>\n\n\n\n<blockquote class=\"wp-block-quote has-text-align-left is-style-large\" style=\"font-size:12px\"><p>\u201cBouger et s&rsquo;amuser \u00e0 n&rsquo;importe quel \u00e2ge.\u201d<\/p><\/blockquote>\n\n\n\n<div class=\"wp-container-3 wp-block-buttons\">\n<div class=\"wp-block-button alignleft\"><a class=\"wp-block-button__link\" href=\"https:\/\/vanessahamelin.com\/index.php\/page-d-exemple\/intervention-en-ehpad\/\">MON INTERVENTION EN \u00c9TABLISSEMENT D&rsquo;ACCUEIL<\/a><\/div>\n<\/div>\n<\/div><\/div>\n\n\n\n<div style=\"height:50px\" aria-hidden=\"true\" class=\"wp-block-spacer\"><\/div>\n\n\n\n<p><\/p>\n","protected":false},"excerpt":{"rendered":"<p>Vanessa HAMELIN &#8211; Professionnelle en activit\u00e9s physiques adapt\u00e9es dans le Haut-rhin \u00ab\u00a0L&rsquo;autonomie a une valeur inestimable\u00a0\u00bb<\/p>\n","protected":false},"author":1,"featured_media":0,"parent":0,"menu_order":1,"comment_status":"closed","ping_status":"closed","template":"","meta":{"site-sidebar-layout":"default","site-content-layout":"default","ast-main-header-display":"","ast-hfb-above-header-display":"","ast-hfb-below-header-display":"","ast-hfb-mobile-header-display":"","site-post-title":"disabled","ast-breadcrumbs-content":"","ast-featured-img":"","footer-sml-layout":"","theme-transparent-header-meta":"default","adv-header-id-meta":"","stick-header-meta":"","header-above-stick-meta":"","header-main-stick-meta":"","header-below-stick-meta":""},"_links":{"self":[{"href":"https:\/\/vanessahamelin.com\/index.php\/wp-json\/wp\/v2\/pages\/14"}],"collection":[{"href":"https:\/\/vanessahamelin.com\/index.php\/wp-json\/wp\/v2\/pages"}],"about":[{"href":"https:\/\/vanessahamelin.com\/index.php\/wp-json\/wp\/v2\/types\/page"}],"author":[{"embeddable":true,"href":"https:\/\/vanessahamelin.com\/index.php\/wp-json\/wp\/v2\/users\/1"}],"replies":[{"embeddable":true,"href":"https:\/\/vanessahamelin.com\/index.php\/wp-json\/wp\/v2\/comments?post=14"}],"version-history":[{"count":129,"href":"https:\/\/vanessahamelin.com\/index.php\/wp-json\/wp\/v2\/pages\/14\/revisions"}],"predecessor-version":[{"id":479,"href":"https:\/\/vanessahamelin.com\/index.php\/wp-json\/wp\/v2\/pages\/14\/revisions\/479"}],"wp:attachment":[{"href":"https:\/\/vanessahamelin.com\/index.php\/wp-json\/wp\/v2\/media?parent=14"}],"curies":[{"name":"wp","href":"https:\/\/api.w.org\/{rel}","templated":true}]}}